{"id":868,"date":"2023-01-17T15:08:48","date_gmt":"2023-01-17T14:08:48","guid":{"rendered":"https:\/\/detec-watch.ch\/?page_id=868"},"modified":"2023-01-26T11:39:49","modified_gmt":"2023-01-26T10:39:49","slug":"pourquoi-ce-blog","status":"publish","type":"page","link":"https:\/\/extern21.gruene.ch\/detec-watch.ch\/pourquoi-ce-blog","title":{"rendered":"Pourquoi ce blog?"},"content":{"rendered":"","protected":false},"excerpt":{"rendered":"","protected":false},"author":60,"featured_media":955,"parent":0,"menu_order":0,"comment_status":"closed","ping_status":"closed","template":"","meta":{"_acf_changed":false,"inline_featured_image":false,"footnotes":""},"class_list":["post-868","page","type-page","status-publish","has-post-thumbnail","hentry"],"acf":[],"yoast_head":"<!-- This site is optimized with the Yoast SEO plugin v26.9 - https:\/\/yoast.com\/product\/yoast-seo-wordpress\/ -->\n<title>Pourquoi ce blog? - DETEC Watch<\/title>\n<meta name=\"description\" content=\"Avec Albert R\u00f6sti (UDC), c&#039;est un lobbyiste d\u00e9clar\u00e9 du p\u00e9trole et de l&#039;automobile qui a repris d\u00e9but 2023 le D\u00e9partement de l&#039;environnement, des transports, de l&#039;\u00e9nergie et de la communication. Fra\u00eechement \u00e9lu, Albert R\u00f6sti avait annonc\u00e9 qu&#039;il travaillerait dans l&#039;int\u00e9r\u00eat de toute la population. Nous documentons ici son travail au DETEC afin de nous assurer qu&#039;il tienne bien ses promesses.\" \/>\n<meta name=\"robots\" content=\"index, follow, max-snippet:-1, max-image-preview:large, max-video-preview:-1\" \/>\n<link rel=\"canonical\" href=\"https:\/\/extern21.gruene.ch\/detec-watch.ch\/pourquoi-ce-blog\" \/>\n<meta property=\"og:locale\" content=\"fr_FR\" \/>\n<meta property=\"og:type\" content=\"article\" \/>\n<meta property=\"og:title\" content=\"Pourquoi ce blog? - DETEC Watch\" \/>\n<meta property=\"og:description\" content=\"Avec Albert R\u00f6sti (UDC), c&#039;est un lobbyiste d\u00e9clar\u00e9 du p\u00e9trole et de l&#039;automobile qui a repris d\u00e9but 2023 le D\u00e9partement de \u2026\" \/>\n<meta property=\"og:url\" content=\"https:\/\/extern21.gruene.ch\/detec-watch.ch\/pourquoi-ce-blog\" \/>\n<meta property=\"og:site_name\" content=\"DETEC Watch\" \/>\n<meta property=\"article:modified_time\" content=\"2023-01-26T10:39:49+00:00\" \/>\n<meta property=\"og:image\" content=\"https:\/\/extern21.gruene.ch\/detec-watch.ch\/wp-content\/uploads\/sites\/80\/2023\/01\/Watchblog_Header_Roesti_7_FR.jpg\" \/>\n\t<meta property=\"og:image:width\" content=\"2560\" \/>\n\t<meta property=\"og:image:height\" content=\"1170\" \/>\n\t<meta property=\"og:image:type\" content=\"image\/jpeg\" \/>\n<meta name=\"twitter:card\" content=\"summary_large_image\" \/>\n<script type=\"application\/ld+json\" class=\"yoast-schema-graph\">{\"@context\":\"https:\/\/schema.org\",\"@graph\":[{\"@type\":\"WebPage\",\"@id\":\"https:\/\/extern21.gruene.ch\/detec-watch.ch\/pourquoi-ce-blog\",\"url\":\"https:\/\/extern21.gruene.ch\/detec-watch.ch\/pourquoi-ce-blog\",\"name\":\"Pourquoi ce blog? - DETEC Watch\",\"isPartOf\":{\"@id\":\"https:\/\/extern21.gruene.ch\/detec-watch.ch\/#website\"},\"primaryImageOfPage\":{\"@id\":\"https:\/\/extern21.gruene.ch\/detec-watch.ch\/pourquoi-ce-blog#primaryimage\"},\"image\":{\"@id\":\"https:\/\/extern21.gruene.ch\/detec-watch.ch\/pourquoi-ce-blog#primaryimage\"},\"thumbnailUrl\":\"https:\/\/extern21.gruene.ch\/detec-watch.ch\/wp-content\/uploads\/sites\/80\/2023\/01\/Watchblog_Header_Roesti_7_FR-2560x0-c-default.jpg\",\"datePublished\":\"2023-01-17T14:08:48+00:00\",\"dateModified\":\"2023-01-26T10:39:49+00:00\",\"description\":\"Avec Albert R\u00f6sti (UDC), c'est un lobbyiste d\u00e9clar\u00e9 du p\u00e9trole et de l'automobile qui a repris d\u00e9but 2023 le D\u00e9partement de l'environnement, des transports, de l'\u00e9nergie et de la communication. Fra\u00eechement \u00e9lu, Albert R\u00f6sti avait annonc\u00e9 qu'il travaillerait dans l'int\u00e9r\u00eat de toute la population. Nous documentons ici son travail au DETEC afin de nous assurer qu'il tienne bien ses promesses.\",\"breadcrumb\":{\"@id\":\"https:\/\/extern21.gruene.ch\/detec-watch.ch\/pourquoi-ce-blog#breadcrumb\"},\"inLanguage\":\"fr-FR\",\"potentialAction\":[{\"@type\":\"ReadAction\",\"target\":[\"https:\/\/extern21.gruene.ch\/detec-watch.ch\/pourquoi-ce-blog\"]}]},{\"@type\":\"ImageObject\",\"inLanguage\":\"fr-FR\",\"@id\":\"https:\/\/extern21.gruene.ch\/detec-watch.ch\/pourquoi-ce-blog#primaryimage\",\"url\":\"https:\/\/extern21.gruene.ch\/detec-watch.ch\/wp-content\/uploads\/sites\/80\/2023\/01\/Watchblog_Header_Roesti_7_FR-2560x0-c-default.jpg\",\"contentUrl\":\"https:\/\/extern21.gruene.ch\/detec-watch.ch\/wp-content\/uploads\/sites\/80\/2023\/01\/Watchblog_Header_Roesti_7_FR-2560x0-c-default.jpg\",\"width\":2560,\"height\":1170},{\"@type\":\"BreadcrumbList\",\"@id\":\"https:\/\/extern21.gruene.ch\/detec-watch.ch\/pourquoi-ce-blog#breadcrumb\",\"itemListElement\":[{\"@type\":\"ListItem\",\"position\":1,\"name\":\"Startseite\",\"item\":\"https:\/\/extern21.gruene.ch\/detec-watch.ch\/\"},{\"@type\":\"ListItem\",\"position\":2,\"name\":\"Pourquoi ce blog?\"}]},{\"@type\":\"WebSite\",\"@id\":\"https:\/\/extern21.gruene.ch\/detec-watch.ch\/#website\",\"url\":\"https:\/\/extern21.gruene.ch\/detec-watch.ch\/\",\"name\":\"DETEC Watch\",\"description\":\"Documentation du travail du conseiller f\u00e9d\u00e9ral Albert R\u00f6sti\",\"potentialAction\":[{\"@type\":\"SearchAction\",\"target\":{\"@type\":\"EntryPoint\",\"urlTemplate\":\"https:\/\/extern21.gruene.ch\/detec-watch.ch\/?s={search_term_string}\"},\"query-input\":{\"@type\":\"PropertyValueSpecification\",\"valueRequired\":true,\"valueName\":\"search_term_string\"}}],\"inLanguage\":\"fr-FR\"}]}<\/script>\n<!-- \/ Yoast SEO plugin. -->","yoast_head_json":{"title":"Pourquoi ce blog? - DETEC Watch","description":"Avec Albert R\u00f6sti (UDC), c'est un lobbyiste d\u00e9clar\u00e9 du p\u00e9trole et de l'automobile qui a repris d\u00e9but 2023 le D\u00e9partement de l'environnement, des transports, de l'\u00e9nergie et de la communication. Fra\u00eechement \u00e9lu, Albert R\u00f6sti avait annonc\u00e9 qu'il travaillerait dans l'int\u00e9r\u00eat de toute la population. Nous documentons ici son travail au DETEC afin de nous assurer qu'il tienne bien ses promesses.","robots":{"index":"index","follow":"follow","max-snippet":"max-snippet:-1","max-image-preview":"max-image-preview:large","max-video-preview":"max-video-preview:-1"},"canonical":"https:\/\/extern21.gruene.ch\/detec-watch.ch\/pourquoi-ce-blog","og_locale":"fr_FR","og_type":"article","og_title":"Pourquoi ce blog? - DETEC Watch","og_description":"Avec Albert R\u00f6sti (UDC), c'est un lobbyiste d\u00e9clar\u00e9 du p\u00e9trole et de l'automobile qui a repris d\u00e9but 2023 le D\u00e9partement de \u2026","og_url":"https:\/\/extern21.gruene.ch\/detec-watch.ch\/pourquoi-ce-blog","og_site_name":"DETEC Watch","article_modified_time":"2023-01-26T10:39:49+00:00","og_image":[{"width":2560,"height":1170,"url":"https:\/\/extern21.gruene.ch\/detec-watch.ch\/wp-content\/uploads\/sites\/80\/2023\/01\/Watchblog_Header_Roesti_7_FR.jpg","type":"image\/jpeg"}],"twitter_card":"summary_large_image","schema":{"@context":"https:\/\/schema.org","@graph":[{"@type":"WebPage","@id":"https:\/\/extern21.gruene.ch\/detec-watch.ch\/pourquoi-ce-blog","url":"https:\/\/extern21.gruene.ch\/detec-watch.ch\/pourquoi-ce-blog","name":"Pourquoi ce blog? - DETEC Watch","isPartOf":{"@id":"https:\/\/extern21.gruene.ch\/detec-watch.ch\/#website"},"primaryImageOfPage":{"@id":"https:\/\/extern21.gruene.ch\/detec-watch.ch\/pourquoi-ce-blog#primaryimage"},"image":{"@id":"https:\/\/extern21.gruene.ch\/detec-watch.ch\/pourquoi-ce-blog#primaryimage"},"thumbnailUrl":"https:\/\/extern21.gruene.ch\/detec-watch.ch\/wp-content\/uploads\/sites\/80\/2023\/01\/Watchblog_Header_Roesti_7_FR-2560x0-c-default.jpg","datePublished":"2023-01-17T14:08:48+00:00","dateModified":"2023-01-26T10:39:49+00:00","description":"Avec Albert R\u00f6sti (UDC), c'est un lobbyiste d\u00e9clar\u00e9 du p\u00e9trole et de l'automobile qui a repris d\u00e9but 2023 le D\u00e9partement de l'environnement, des transports, de l'\u00e9nergie et de la communication. Fra\u00eechement \u00e9lu, Albert R\u00f6sti avait annonc\u00e9 qu'il travaillerait dans l'int\u00e9r\u00eat de toute la population. Nous documentons ici son travail au DETEC afin de nous assurer qu'il tienne bien ses promesses.","breadcrumb":{"@id":"https:\/\/extern21.gruene.ch\/detec-watch.ch\/pourquoi-ce-blog#breadcrumb"},"inLanguage":"fr-FR","potentialAction":[{"@type":"ReadAction","target":["https:\/\/extern21.gruene.ch\/detec-watch.ch\/pourquoi-ce-blog"]}]},{"@type":"ImageObject","inLanguage":"fr-FR","@id":"https:\/\/extern21.gruene.ch\/detec-watch.ch\/pourquoi-ce-blog#primaryimage","url":"https:\/\/extern21.gruene.ch\/detec-watch.ch\/wp-content\/uploads\/sites\/80\/2023\/01\/Watchblog_Header_Roesti_7_FR-2560x0-c-default.jpg","contentUrl":"https:\/\/extern21.gruene.ch\/detec-watch.ch\/wp-content\/uploads\/sites\/80\/2023\/01\/Watchblog_Header_Roesti_7_FR-2560x0-c-default.jpg","width":2560,"height":1170},{"@type":"BreadcrumbList","@id":"https:\/\/extern21.gruene.ch\/detec-watch.ch\/pourquoi-ce-blog#breadcrumb","itemListElement":[{"@type":"ListItem","position":1,"name":"Startseite","item":"https:\/\/extern21.gruene.ch\/detec-watch.ch\/"},{"@type":"ListItem","position":2,"name":"Pourquoi ce blog?"}]},{"@type":"WebSite","@id":"https:\/\/extern21.gruene.ch\/detec-watch.ch\/#website","url":"https:\/\/extern21.gruene.ch\/detec-watch.ch\/","name":"DETEC Watch","description":"Documentation du travail du conseiller f\u00e9d\u00e9ral Albert R\u00f6sti","potentialAction":[{"@type":"SearchAction","target":{"@type":"EntryPoint","urlTemplate":"https:\/\/extern21.gruene.ch\/detec-watch.ch\/?s={search_term_string}"},"query-input":{"@type":"PropertyValueSpecification","valueRequired":true,"valueName":"search_term_string"}}],"inLanguage":"fr-FR"}]}},"_links":{"self":[{"href":"https:\/\/extern21.gruene.ch\/detec-watch.ch\/wp-json\/wp\/v2\/pages\/868","targetHints":{"allow":["GET"]}}],"collection":[{"href":"https:\/\/extern21.gruene.ch\/detec-watch.ch\/wp-json\/wp\/v2\/pages"}],"about":[{"href":"https:\/\/extern21.gruene.ch\/detec-watch.ch\/wp-json\/wp\/v2\/types\/page"}],"author":[{"embeddable":true,"href":"https:\/\/extern21.gruene.ch\/detec-watch.ch\/wp-json\/wp\/v2\/users\/60"}],"replies":[{"embeddable":true,"href":"https:\/\/extern21.gruene.ch\/detec-watch.ch\/wp-json\/wp\/v2\/comments?post=868"}],"version-history":[{"count":2,"href":"https:\/\/extern21.gruene.ch\/detec-watch.ch\/wp-json\/wp\/v2\/pages\/868\/revisions"}],"predecessor-version":[{"id":956,"href":"https:\/\/extern21.gruene.ch\/detec-watch.ch\/wp-json\/wp\/v2\/pages\/868\/revisions\/956"}],"wp:featuredmedia":[{"embeddable":true,"href":"https:\/\/extern21.gruene.ch\/detec-watch.ch\/wp-json\/wp\/v2\/media\/955"}],"wp:attachment":[{"href":"https:\/\/extern21.gruene.ch\/detec-watch.ch\/wp-json\/wp\/v2\/media?parent=868"}],"curies":[{"name":"wp","href":"https:\/\/api.w.org\/{rel}","templated":true}]}}